. Suppose 5*g - 15 = -k, 4 = 2*g - k - 2. Suppose -g*t = 2*t. Determine l(t).
-8
Let g be (1/(-3))/((-4)/24). Suppose -7*y = -g*y - 85. Let v(s) = -s**2 + 11*s + 6. Let d(l) = -3*l**2 + 32*l + 17. Let u(r) = y*v(r) - 6*d(r). Calculate u(6).
6
Suppose -3*t - 4 = -25. Let h(g) = -2*g**3 + 21*g**2 - 23*g + 23. Let z(l) = -5*l**3 + 52*l**2 - 57*l + 57. Let m(j) = 12*h(j) - 5*z(j). Calculate m(t).
5
Let p(v) be the third derivative of v**6/120 - v**5/10 - 7*v**3/6 - v**2. Suppose 27*l = 22*l. Let m be (l + -9)/(6/(-4)). Calculate p(m).
-7
Let l(m) = -m**3 + 9*m**2 - 9*m + 5. Let y(a) = -2*a**3 + 13*a**2 - 13*a + 7. Let v(j) = 7*l(j) - 5*y(j). What is v(2)?
20
Let u(m) be the second derivative of -m**5/20 + m**4/4 + m**2 + 2*m + 33. Let o = -8 - -8. Suppose o = -5*q + 13 - 3. Give u(q).
6
Let o be (6/(-24))/(3/(-12)). Let n(h) = h + 0*h - 11*h**2 + 1 - 2*h. What is n(o)?
-11
Let d(r) = -7*r**2 - 18*r - 14. Let w(l) = 4*l**2 + 10*l + 7. Let x(y) = -6*d(y) - 11*w(y). Determine x(-6).
-53
Let a be -4 + (5 - 3) + 7. Let g(q) be the third derivative of 0*q**4 + 0*q + 0 + 11*q**2 - 1/12*q**a - 7/6*q**3 + 1/120*q**6. What is g(5)?
-7
Let g(i) = -i**3 + 3*i**2 + 3*i + 5. Let y(f) = 2*f - 7. Let x be y(-5). Let s = x - -21. Calculate g(s).
1
Suppose 0 = -i + 20 - 15. Let t(c) = -c**2 + 2*c + 12. Give t(i).
-3
Let m(b) = -3*b**3 - 2*b**2 + 1. Let f = 74 - 54. Suppose 10*a + f = -0*a. What is m(a)?
17
Let i(a) = -a**2 + 88 - 204 - 10*a + 93 + 0*a**2. Determine i(-7).
-2
Let i(h) = -h + 5. Let z(b) = -b + 8. Let a be z(6). Let k be (-5)/(9/6 - 4). Suppose -g = a + k. Give i(g).
9
Let c be 15/(-10 - -5) - -3. Let n(g) be the third derivative of -g**4/24 - 13*g**3/6 - g**2. Calculate n(c).
-13
Let m(n) = 34*n + 16*n - 61*n + 14*n. Determine m(-4).
-12
Suppose 3*w - 6*w = -18. Let j(b) = -b**2 + 7*b - 9. What is j(w)?
-3
Let j be (2/4)/(2/28). Let y(c) be the first derivative of -c**4/4 + 7*c**3/3 + c**2/2 + 8. Calculate y(j).
7
Let o(b) = 9*b**2 - b. Let t be (-2)/6 - 64/6. Let z = t + 25. Let q = z - 13. Determine o(q).
8
Suppose -3*c + 108 = c. Let z = c + -22. Let i(s) = -2*s + 5. Determine i(z).
-5
Let t be ((-1)/(3/6))/(-2). Let w(z) = 6*z**2 + 2665*z - 2665*z. What is w(t)?
6
Suppose -23 = -8*g + 1. Suppose 2*m - 6 - 2 = -2*y, 3*y = -5*m + 20. Let a(p) = 1 + y*p + 0 - 4*p. Calculate a(g).
-11
Suppose -7*r + 6*r - z = -1, -z = 3*r - 7. Let w(c) = -c**2 + 3. Let g(x) = 2*x**2 + x - 7. Let i(t) = -2*g(t) - 5*w(t). Calculate i(r).
2
Let g(o) = o - 4*o - o + 121*o**3 - 5*o**2 - 120*o**3 + 3*o**2. Calculate g(3).
-3
Let x(b) = 4*b + 15. Let v(c) = -5*c - 14. Let m(d) = -2*v(d) - 3*x(d). Calculate m(-8).
-1
Let s = -27 - -18. Let g be (-3 + s)/4*-1. Let o(w) = -w - 6 - 5 - 2 + w**g. What is o(0)?
-13
Let i(a) be the second derivative of -a**7/2520 + a**6/90 - a**5/24 - a**4/12 - 16*a. Let k(z) be the third derivative of i(z). Give k(6).
7
Let z(o) be the third derivative of -7*o**6/120 - o**5/30 + o**4/24 + 2*o**2. Let t(d) = -d**3 + 6*d**2 - 10*d + 26. Let p be t(5). What is z(p)?
-8
Let i(p) = -p**3 - 3*p**2 + p - 5. Let k = -23 + 19. Let z be i(k). Let b(g) = -g**3 + 8*g**2 - 9*g + 2. Give b(z).
-12
Let o(p) = -p - 1. Let c be -2 + (-1 - 21/3). Let j be o(c). Let k(g) = j - 4*g - 9. Determine k(1).
-4
Let m(h) = -4*h + 34. Suppose -30*j + 96 = -14*j. Give m(j).
10
Let d(u) be the third derivative of -u**6/120 - 2*u**5/15 - u**4/6 - u**3 - 138*u**2. What is d(-7)?
-27
Let u(n) be the second derivative of -n**5/20 - 7*n**4/12 - n**3 - 4*n**2 + n + 82. Determine u(-6).
-8
Suppose -s - 13 = -v, -v - v + 6 = 3*s. Let o(w) = -w**3 + 10*w**2 - 8*w - 9. What is o(v)?
0
Let k(b) = -b - 9. Let q(t) = t**3 - 6*t**2 + 5*t + 10. Let r be q(5). Suppose 4*h - 25 = 3*h + 5*u, r = -2*h - 2*u. Calculate k(h).
-9
Let x(l) be the second derivative of -l**3/2 - 7*l**2 - l + 49. Give x(-4).
-2
Let m(y) = 6*y - 3. Let p = 919 + -920. Determine m(p).
-9
Suppose -n + 2 = 4*l + 31, -2*n - 28 = 3*l. Let t(y) be the third derivative of -y**4/24 - y**3 - y**2. Give t(l).
0
Let r(x) = x**2 - 5*x - 9. Let p(t) = 3*t**2 - 15*t - 24. Let c(y) = 6*p(y) - 17*r(y). Determine c(4).
5
Let z = -9 - -19. Suppose 4*a + z = -4*v - 2, 17 = a - 4*v. Let y(f) = -3*f**2 - f**2 + 11*f + 0*f**2 - 12*f. What is y(a)?
-5
Suppose k + 2*k = -5*q - 10, 5*q + 10 = 2*k. Let f(s) = 19*s**2 + 5*s - 37. Let y(h) = -12*h**2 - 3*h + 24. Let w(a) = 9*f(a) + 14*y(a). Calculate w(q).
9
Let l(n) = 2*n - 14. Let t be 3*(-28)/21 - -11. Calculate l(t).
0
Suppose -5*b = -j - 10*b - 10, 0 = b + 2. Let k(z) = -z**3 - z**2 + z - 19. Determine k(j).
-19
Let k = -52 + 55. Let z(n) = 5 + k + 6*n + n**2 - 10 + 0*n**2. Let j = 11 + -15. Calculate z(j).
-10
Let s(g) = g - 12. Let w be s(9). Let i(y) be the third derivative of 0 - 1/24*y**4 + 9*y**2 - 1/6*y**3 - 1/60*y**5 + 0*y. Determine i(w).
-7
Let m be 2/(-2)*2 + -2. Let a(v) = -v**3 - 5*v**2 - 4*v + 3. Calculate a(m).
3
Let x(d) = -3*d**3 + d**2. Let l be (5 - 1 - 5)*15. Let z = l + 14. Determine x(z).
4
Let h(s) = -s**2 + 3. Let l(w) = -32*w - 100. Let o be l(-3). What is h(o)?
-13
Let d(u) = -u**2 - 6*u + 7. Let p = 144 - 41. Suppose -4*x + p = -3*r + 289, 0 = -r + 2. Let f be -3*(-3)/(x/25). Give d(f).
12
Let l(i) = -9 - 3 - 22*i**3 - 2 + 4*i**2 + 12 + 23*i**3 + 6*i. Determine l(-4).
-26
Let t(m) = -5*m**2 - 4*m - 8. Let u(n) = 4*n**2 + 3*n + 6. Let x(h) = -3*t(h) - 4*u(h). Let i = 13 - 12. Determine x(i).
-1
Let k(f) = -2*f + 13. Let g be k(4). Let z(r) = -r + 7. Calculate z(g).
2
Let w(q) be the first derivative of -q**4/12 + 5*q**3/6 + 2*q**2 - 5*q + 3. Let m(k) be the first derivative of w(k). Give m(3).
10
Let o(x) = 5*x**2 - 6*x - x**2 + 446 + x**3 - 486 + 35. Suppose 5 = 2*r + 3. Let j be -4 + (-3 - (-2)/r). Give o(j).
0
Let y = -89 - -162. Let i = y - 67. Let x(b) = -b**3 + 7*b**2 - 6*b + 4. Determine x(i).
4
Let v be (-630)/25 - (-1)/5. Let x = -17 - v. Let a(p) = p**2 - 10*p + 11. Determine a(x).
-5
Let y(i) = 7*i**3 + i**2 - i - 1. Suppose 12 = 3*f + f. Suppose 4*l = 2*q + 10, 4*l - 1 = -q + f*l. Give y(q).
-6
Let a be ((-136)/24)/(-1*1/(-6)). Let w = 37 + a. Let b(x) = 8*x - 1. What is b(w)?
23
Suppose j + 4 = 4*g - g, 2*j + 4*g - 22 = 0. Let a(w) = -3*w - 4*w + 6*w + 2 + 0. What is a(j)?
-3
Suppose 0*x = -5*x + 5. Let d = x + -5. Let a(l) be the second derivative of -l**3/6 - l**2 - 3*l. What is a(d)?
2
Let a(l) be the first derivative of -14 - 1/2*l**2 + 6*l. Determine a(0).
6
Let i(u) be the third derivative of -u**4/8 + u**3/6 + 4*u**2 + 4. Let f be i(1). Let b(r) = r**3 + 3*r + 2. Determine b(f).
-12
Let t(a) be the third derivative of -1/24*a**4 - 1/6*a**3 + 0*a + 0 - 3*a**2. Let b be 21*(4/(-8) - 5/(-6)). Give t(b).
-8
Let g(q) = -q + 2. Let l = 566 + -222. Suppose l*u - 27 = 341*u. Determine g(u).
-7
Let m = 948 + -1893/2. Let a(n) be the second derivative of -5*n + m*n**2 - 1/20*n**5 - 1/6*n**3 + 1/4*n**4 + 0. Give a(3).
0
Let q(l) = -l**2 + 5*l + 1. Let x(v) = 4*v + 5. Let p be x(-3). Let f be (-1 - p)*(66/9)/11. Give q(f).
5
Let k(z) be the first derivative of -z**4/4 + z - 606. Calculate k(2).
-7
Let p = -343 - -353. Let k(x) = -5*x + 22. Give k(p).
-28
Suppose -162 = 75*b - 102*b. Let v(r) be the second derivative of -r**5/20 + 7*r**4/12 - r**3 - 5*r**2/2 - r. Determine v(b).
-5
Let g(s) = -5*s + 47. Let b = 1096 - 1087. Calculate g(b).
2
Let b(s) = -s**3 + s**2 - s - 1. Let m(u) = -5*u**3 + 14*u**2 + 5*u - 12. Let o(i) = -6*b(i) + m(i). Calculate o(-6).
0
Let r be (-6)/10 + 201/335. Let h(d) be the third derivative of 1/2*d**3 - 2*d**2 + 1/60*d**5 + r*d + 1/6*d**4 + 0. Give h(-2).
-1
Let w be (1/(4/12))/(6/(-18)). Let p(l) = -l**2 - 8*l - 21. Calculate p(w).
-30
Let w(g) = -2*g. Let p(z) = -8*z + 22. Let n(u) = -p(u) + 5*w(u). Give n(-9).
-4
Let l(c) be the third derivative of -2*c**2 + 11/60*c**5 + 0*c - 1/24*c**4 + 0 + 0*c**3. Let s(v) = v**2 - 2*v - 1. Let a be s(0). Calculate l(a).
12
Suppose 3*k - k = -5*o - 11, 0 = o - 4*k - 11. Let a(u) be the second derivative of -5*u**3/6 - 195*u. Calculate a(o).
5
Let t(z) = z**2 + 9*z + 3. Let h(k) = k**3 + 11*k**2 - 40*k + 21. Let a be h(-14). Calculate t(a).
-11
Let a(p) = p + 3. Let b be a(-1). Let s(y) be the first derivative of 3 + y + 7/2*y**b. Give s(-1).
-6
Let t(i) = i**3 + 6*i**2 - i - 4. Let v(